{"id":14,"date":"2012-03-06T11:30:46","date_gmt":"2012-03-06T11:30:46","guid":{"rendered":"http:\/\/kinderarzt-kleinmann.de\/?page_id=14"},"modified":"2018-04-17T07:18:37","modified_gmt":"2018-04-17T06:18:37","slug":"leistungen","status":"publish","type":"page","link":"http:\/\/kinderarzt-kleinmann.de\/wordpress\/leistungen\/","title":{"rendered":"KINDER- UND JUGENDHEILKUNDE"},"content":{"rendered":"<p><a href=\"http:\/\/kinderarzt-kleinmann.de\/wordpress\/wp-content\/uploads\/2012\/05\/mutter-kind-kinderarzt-kinderkardiologie-dr.kleinmann.jpg\"><img loading=\"lazy\" class=\"alignnone size-full wp-image-244\" src=\"http:\/\/kinderarzt-kleinmann.de\/wordpress\/wp-content\/uploads\/2012\/05\/mutter-kind-kinderarzt-kinderkardiologie-dr.kleinmann.jpg\" alt=\"\" width=\"980\" height=\"380\" srcset=\"http:\/\/kinderarzt-kleinmann.de\/wordpress\/wp-content\/uploads\/2012\/05\/mutter-kind-kinderarzt-kinderkardiologie-dr.kleinmann.jpg 980w, http:\/\/kinderarzt-kleinmann.de\/wordpress\/wp-content\/uploads\/2012\/05\/mutter-kind-kinderarzt-kinderkardiologie-dr.kleinmann-300x116.jpg 300w, http:\/\/kinderarzt-kleinmann.de\/wordpress\/wp-content\/uploads\/2012\/05\/mutter-kind-kinderarzt-kinderkardiologie-dr.kleinmann-768x298.jpg 768w\" sizes=\"(max-width: 980px) 100vw, 980px\" \/><\/a><\/p>\n<h3>Pr\u00e4vention und Gesundheitsvorsorge<\/h3>\n<ul>\n<li>Alle Vorsorgeuntersuchungen vom Neugeborenen bis zum Jugendlichen<\/li>\n<\/ul>\n<p>\u2026mit der Sonografie der S\u00e4uglingsh\u00fcfte bei der U 3<br \/>\n\u2026auch die \u201eneuen Vorsorgen\u201c (Fragen Sie Ihre Krankenkasse: U 10, U 11, J 2)<\/p>\n<ul>\n<li>Impfberatung und Impfungen<\/li>\n<\/ul>\n<p>\u2026nach Empfehlungen der STIKO<br \/>\n\u2026individuell f\u00fcr Ihr Kind abgestimmt<\/p>\n<ul>\n<li>Seh- und H\u00f6rtest<\/li>\n<li>Gesundheitsuntersuchungen f\u00fcr Krippe und Kindergarten<\/li>\n<li>Elternberatung in allen altersentsprechenden Themenkomplexen (Ern\u00e4hrung, Unfallverh\u00fctung etc.)<\/li>\n<\/ul>\n<p>&nbsp;<\/p>\n<h3><strong>Akutversorgung<\/strong><\/h3>\n<ul>\n<li>Diagnostik und Therapie aller akuten und chronischen Erkrankungen des Kindes- und Jugendalters<\/li>\n<li>Laboruntersuchungen inkl. Schnelltests f\u00fcr Streptokokken, Leukozyten, Urinuntersuchungen<\/li>\n<\/ul>\n<p>&nbsp;<\/p>\n<h3><strong>Neu bei uns Ultraschalluntersuchungen (Sonografie)<\/strong><\/h3>\n<ul>\n<li>Sonografie der inneren Organe<\/li>\n<li>Sonografie der S\u00e4uglingsh\u00fcfte<\/li>\n<\/ul>\n<p>&nbsp;<\/p>\n<h3><strong>Moderne Jugendmedizin <\/strong><\/h3>\n<ul>\n<li>Jugend\u00e4rztliche Beratung \u00fcber die Vorsorgeuntersuchungen hinaus<\/li>\n<li>Jugendarbeitsschutzuntersuchungen<\/li>\n<\/ul>\n<p>&nbsp;<\/p>\n<h3><strong>Kinderkardiologie<\/strong><\/h3>\n<ul>\n<li>Abkl\u00e4rung von Herzger\u00e4uschen und unklaren klinischen Symptomen und Befunden<\/li>\n<li>Diagnostik und Therapie von angeborenen Herzfehlern<\/li>\n<li>Diagnostik und Therapie von Herzrhythmusst\u00f6rungen<\/li>\n<li>Diagnostik und Therapie von erworbenen Herzfehlern<\/li>\n<li>Diagnostik und Therapie bei\u00a0 arterieller Hypertonie<\/li>\n<li>Pr\u00e4vention und Prophylaxe von Herz-Kreislauferkrankungen, insbesondere bei famili\u00e4rer Belastung<\/li>\n<li>Sportmedizinische Untersuchungen und Ausstellung von Sportattesten<\/li>\n<\/ul>\n<p><strong>Hierzu steht uns folgende apparative Diagnostik zur Verf\u00fcgung:<\/strong><\/p>\n<ul>\n<li>Elektrokardiographie (EKG)<\/li>\n<li>Echokardiographie (Herzultraschall)<\/li>\n<li>Langzeit-EKG<\/li>\n<li>Langzeit-Blutdruck<\/li>\n<li>Ergometrie (Belastungs-EKG)<\/li>\n<li>Lungenfunktion<\/li>\n<\/ul>\n<p>&nbsp;<\/p>\n","protected":false},"excerpt":{"rendered":"<p>Pr\u00e4vention und Gesundheitsvorsorge Alle Vorsorgeuntersuchungen vom Neugeborenen bis zum Jugendlichen \u2026mit der Sonografie der S\u00e4uglingsh\u00fcfte bei der U 3 \u2026auch die \u201eneuen Vorsorgen\u201c (Fragen Sie Ihre Krankenkasse: U 10, U 11, J 2) Impfberatung und Impfungen \u2026nach Empfehlungen der STIKO \u2026individuell f\u00fcr Ihr Kind abgestimmt Seh- und H\u00f6rtest Gesundheitsuntersuchungen f\u00fcr Krippe und Kindergarten Elternberatung in [&hellip;]<\/p>\n","protected":false},"author":1,"featured_media":643,"parent":0,"menu_order":0,"comment_status":"closed","ping_status":"open","template":"","meta":{"_genesis_hide_title":false,"_genesis_hide_breadcrumbs":false,"_genesis_hide_singular_image":false,"_genesis_hide_footer_widgets":false,"_genesis_custom_body_class":"","_genesis_custom_post_class":"","_genesis_layout":"content-sidebar"},"_links":{"self":[{"href":"http:\/\/kinderarzt-kleinmann.de\/wordpress\/wp-json\/wp\/v2\/pages\/14"}],"collection":[{"href":"http:\/\/kinderarzt-kleinmann.de\/wordpress\/wp-json\/wp\/v2\/pages"}],"about":[{"href":"http:\/\/kinderarzt-kleinmann.de\/wordpress\/wp-json\/wp\/v2\/types\/page"}],"author":[{"embeddable":true,"href":"http:\/\/kinderarzt-kleinmann.de\/wordpress\/wp-json\/wp\/v2\/users\/1"}],"replies":[{"embeddable":true,"href":"http:\/\/kinderarzt-kleinmann.de\/wordpress\/wp-json\/wp\/v2\/comments?post=14"}],"version-history":[{"count":38,"href":"http:\/\/kinderarzt-kleinmann.de\/wordpress\/wp-json\/wp\/v2\/pages\/14\/revisions"}],"predecessor-version":[{"id":851,"href":"http:\/\/kinderarzt-kleinmann.de\/wordpress\/wp-json\/wp\/v2\/pages\/14\/revisions\/851"}],"wp:featuredmedia":[{"embeddable":true,"href":"http:\/\/kinderarzt-kleinmann.de\/wordpress\/wp-json\/wp\/v2\/media\/643"}],"wp:attachment":[{"href":"http:\/\/kinderarzt-kleinmann.de\/wordpress\/wp-json\/wp\/v2\/media?parent=14"}],"curies":[{"name":"wp","href":"https:\/\/api.w.org\/{rel}","templated":true}]}}